
Is 8713 composite?
False
Is 53135 prime?
False
Is 56845 prime?
False
Is 7339 prime?
False
Is 7403 a composite number?
True
Is 236173 a composite number?
True
Is 2039 a prime number?
True
Is 9934 prime?
False
Is 584687 a composite number?
True
Is 2147177 prime?
True
Is 522919 a composite number?
False
Is 18397 a prime number?
True
Is 89251 composite?
True
Is 32569 a prime number?
True
Is 17555 prime?
False
Is 54751 a prime number?
True
Is 187505 a composite number?
True
Is 249017 prime?
True
Is 37781 a prime number?
True
Is 9587 prime?
True
Is 1994515 a composite number?
True
Is 9005 composite?
True
Is 14954 prime?
False
Is 26917 composite?
True
Is 11777 a composite number?
False
Is 63277 prime?
True
Is 162343 a prime number?
True
Is 50011 a composite number?
True
Is 119 a composite number?
True
Is 914513 a prime number?
True
Is 237257 a composite number?
False
Is 187651 a composite number?
False
Is 34027 prime?
False
Is 11747 a composite number?
True
Is 43889 prime?
True
Is 18839 prime?
True
Is 3641 prime?
False
Is 13667 a prime number?
False
Is 13639 composite?
True
Is 1302757 a prime number?
True
Is 541 a prime number?
True
Is 2825639 a composite number?
False
Is 274333 composite?
False
Is 3869 composite?
True
Is 127 prime?
True
Is 8887 prime?
True
Is 13781 a prime number?
True
Is 6769 prime?
False
Is 13127 a prime number?
True
Is 991 a composite number?
False
Is 32711 prime?
False
Is 6899 a composite number?
False
Is 187721 a composite number?
False
Is 510809 composite?
True
Is 21281 composite?
True
Is 50539 composite?
False
Is 101677 composite?
True
Is 9983 a composite number?
True
Is 485777 a prime number?
True
Is 58537 a prime number?
True
Is 110083 composite?
False
Is 484089 composite?
True
Is 21313 a prime number?
True
Is 387511 composite?
True
Is 1839 a prime number?
False
Is 2189563 a composite number?
False
Is 25031 composite?
False
Is 161359 a composite number?
True
Is 265 a composite number?
True
Is 482569 a prime number?
True
Is 154109 composite?
True
Is 1249 a composite number?
False
Is 15937 a composite number?
False
Is 113759 composite?
False
Is 401309 composite?
False
Is 11599 a prime number?
False
Is 15689 composite?
True
Is 53951 a composite number?
False
Is 3013 prime?
False
Is 7807 a prime number?
False
Is 19373 a composite number?
False
Is 9863 a prime number?
False
Is 40011 composite?
True
Is 216061 a composite number?
False
Is 391987 composite?
False
Is 4381 prime?
False
Is 10331 prime?
True
Is 4283 prime?
True
Is 731999 a composite number?
False
Is 974651 a composite number?
False
Is 464707 a composite number?
True
Is 30241 a composite number?
False
Is 1529 a composite number?
True
Is 135947 composite?
True
Is 15545 a prime number?
False
Is 50187 a prime number?
False
Is 7151 a composite number?
False
Is 32519 a prime number?
False
Is 3401 composite?
True
Is 102397 prime?
True
Is 57613 a prime number?
False
Is 3407 a composite number?
False
Is 11771 prime?
False
Is 9029 composite?
False
Is 10651 composite?
False
Is 67289 a composite number?
False
Is 317483 a prime number?
True
Is 157 a composite number?
False
Is 410299 a prime number?
True
Is 17467 a prime number?
True
Is 6757 a composite number?
True
Is 19297 a prime number?
False
Is 7151 a composite number?
False
Is 1318781 a prime number?
True
Is 35251 prime?
True
Is 129299 a prime number?
False
Is 808439 a composite number?
False
Is 65165 a prime number?
False
Is 1649503 a composite number?
True
Is 809161 a composite number?
True
Is 34387 composite?
True
Is 9989 prime?
False
Is 71807 a prime number?
True
Is 1588283 a prime number?
False
Is 1108957 composite?
False
Is 335821 composite?
False
Is 108361 a composite number?
True
Is 3008741 a composite number?
False
Is 849097 prime?
True
Is 522507 prime?
False
Is 865609 a prime number?
True
Is 1953151 prime?
True
Is 552137 prime?
True
Is 290539 a composite number?
False
Is 400667 composite?
True
Is 51943 a prime number?
False
Is 69061 composite?
False
Is 12587 a prime number?
False
Is 49597 composite?
False
Is 697637 a composite number?
False
Is 5147 prime?
True
Is 39707 a prime number?
False
Is 3259 composite?
False
Is 1132655 a prime number?
False
Is 14923 composite?
False
Is 73583 a prime number?
True
Is 109073 prime?
True
Is 5629 composite?
True
Is 21751 prime?
True
Is 279215 prime?
False
Is 12283 a composite number?
True
Is 3697451 a composite number?
False
Is 539089 a composite number?
False
Is 318067 a composite number?
True
Is 1791641 prime?
False
Is 57521 prime?
False
Is 5771 prime?
False
Is 55243 a prime number?
True
Is 5849 a composite number?
False
Is 73046 prime?
False
Is 2777 prime?
True
Is 16909 a prime number?
False
Is 16333 a composite number?
False
Is 86689 prime?
True
Is 137899 prime?
False
Is 1184819 a composite number?
True
Is 1747643 composite?
False
Is 1486 prime?
False
Is 28789 prime?
True
Is 6385 a prime number?
False
Is 263527 a prime number?
False
Is 353959 prime?
False
Is 6016831 prime?
True
Is 3491 prime?
True
Is 8263 composite?
False
Is 1926097 a prime number?
True
Is 33227 a composite number?
True
Is 43343 a composite number?
True
Is 2127133 prime?
True
Is 20701 composite?
True
Is 5327 composite?
True
Is 395 prime?
False
Is 8641 a composite number?
False
Is 28277 a composite number?
False
Is 2541833 prime?
False
Is 28211 prime?
True
Is 1906546 composite?
True
Is 14743 composite?
True
Is 13739 prime?
False
Is 33265 composite?
True
Is 122347 composite?
False
Is 2462 a composite number?
True
Is 21803 a prime number?
True
Is 1354777 a prime number?
True
Is 893707 composite?
True
Is 13069 composite?
True
Is 60601 a prime number?
True
Is 133 prime?
False
Is 24193 a prime number?
False
Is 16309 a prime number?
False
Is 12637 composite?
False
Is 7523 prime?
True
Is 1438 composite?
True
Is 1513 prime?
False
Is 698869 prime?
False
Is 14393 a composite number?
True
Is 304009 prime?
True
Is 4073 a prime number?
True
Is 343834 a prime number?
False
Is 93661 composite?
True
Is 130069 prime?
True
Is 1261801 prime?
True
Is 84633 a composite number?
True
Is 17282 a composite number?
True
Is 8983 prime?
False
Is 16795 a composite number?
True
Is 13147 a composite number?
False
Is 6297 composite?
True
Is 101037 a composite number?
True
Is 4409 prime?
True
Is 15143 prime?
False
Is 6463 composite?
True
Is 21283 prime?
True
Is 152363 prime?
True
Is 73181 a prime number?
True
Is 1009 a composite number?
False
Is 3661 prime?
False
Is 27077 prime?
True
Is 5981 a prime number?
True
Is 12889 a composite number?
False
Is 3659 a composite number?
False
Is 25131 a prime number?
False
Is 542579 a composite number?
False
Is 635 a composite number?
True
Is 6953 a prime number?
False
Is 7409 composite?
True
Is 1521547 a prime number?
True
Is 14489 a prime number?
True
Is 3521 composite?
True
Is 195959 prime?
False
Is 24065 a prime number?
False
Is 12317 prime?
False
Is 112687 composite?
False
Is 49727 composite?
False
Is 495701 a composite number?
False
Is 60317 prime?
True
Is 134859 composite?
True
Is 1217 prime?
True
Is 774253 a composite number?
True
Is 12655 composite?
True
Is 18883 prime?
False
Is 59113 composite?
False
Is 223117 a composite number?
True
Is 2317 a prime number?
False
Is 119429 prime?
True
Is 27791 composite?
False
Is 289907 a prime number?
False
Is 11209 a composite number?
True
Is 69401 prime?
True
Is 3181 a prime number?
True
Is 1655 prime?
False
Is 506941 prime?
True
Is 6204461 prime?
True
Is 374287 a composite number?
False
Is 63647 a composite number?
False
Is 10651 a composite number?
False
Is 12085 a prime number?
False
Is 1657 composite?
False
Is 79505 prime?
False
Is 6898 a composite number?
True
Is 601985 composite?
True
Is 316271 a prime number?
True
Is 23113 prime?
False
Is 29327 composite?
False
Is 141023 composite?
False
Is 457613 a prime number?
False
Is 1475621 a prime number?
False
Is 826339 a prime number?
True
Is 19249 a composite number?
False
Is 4874 a composite number?
True
Is 107431 a composite number?
True
Is 23809 a prime number?
False
Is 5078 prime?
False
Is 14453 a composite number?
True
Is 14167 composite?
True
Is 472013 a composite number?
True
Is 17245 a composite number?
True
Is 7617 prime?
False
Is 16249 prime?
True
Is 522649 composite?
True
Is 238291 prime?
True